of 61678.
2, 30839
List the prime factors of 6575.
5, 263
List the prime factors of 43416.
2, 3, 67
What are the prime factors of 2753?
2753
What are the prime factors of 5863?
11, 13, 41
What are the prime factors of 17052?
2, 3, 7, 29
What are the prime factors of 883?
883
What are the prime factors of 494?
2, 13, 19
What are the prime factors of 3517?
3517
List the prime factors of 716.
2, 179
What are the prime factors of 3156?
2, 3, 263
List the prime factors of 10049.
13, 773
What are the prime factors of 3467?
3467
List the prime factors of 2538.
2, 3, 47
List the prime factors of 2374.
2, 1187
What are the prime factors of 20142?
2, 3, 373
List the prime factors of 212.
2, 53
What are the prime factors of 1129?
1129
List the prime factors of 2082.
2, 3, 347
What are the prime factors of 2774?
2, 19, 73
List the prime factors of 21568.
2, 337
List the prime factors of 1364.
2, 11, 31
List the prime factors of 33091.
33091
List the prime factors of 563.
563
What are the prime factors of 553?
7, 79
What are the prime factors of 4184?
2, 523
What are the prime factors of 126?
2, 3, 7
What are the prime factors of 37332?
2, 3, 17, 61
List the prime factors of 24300.
2, 3, 5
List the prime factors of 5096.
2, 7, 13
What are the prime factors of 33736?
2, 4217
List the prime factors of 743.
743
What are the prime factors of 4390?
2, 5, 439
List the prime factors of 14476.
2, 7, 11, 47
What are the prime factors of 44184?
2, 3, 7, 263
What are the prime factors of 25157?
11, 2287
List the prime factors of 3414.
2, 3, 569
List the prime factors of 17860.
2, 5, 19, 47
What are the prime factors of 35851?
35851
List the prime factors of 24646.
2, 12323
What are the prime factors of 304?
2, 19
What are the prime factors of 99?
3, 11
What are the prime factors of 6679?
6679
List the prime factors of 72779.
7, 37, 281
List the prime factors of 2113.
2113
List the prime factors of 4503.
3, 19, 79
List the prime factors of 40211.
79, 509
List the prime factors of 4775.
5, 191
List the prime factors of 11220.
2, 3, 5, 11, 17
What are the prime factors of 40505?
5, 8101
List the prime factors of 1639.
11, 149
What are the prime factors of 226?
2, 113
What are the prime factors of 3501?
3, 389
List the prime factors of 10908.
2, 3, 101
List the prime factors of 13289.
97, 137
What are the prime factors of 4583?
4583
List the prime factors of 1189.
29, 41
What are the prime factors of 87313?
87313
List the prime factors of 27935.
5, 37, 151
List the prime factors of 88163.
131, 673
List the prime factors of 455.
5, 7, 13
What are the prime factors of 12213?
3, 23, 59
What are the prime factors of 17917?
19, 23, 41
What are the prime factors of 10644?
2, 3, 887
List the prime factors of 6989.
29, 241
List the prime factors of 257.
257
List the prime factors of 2405.
5, 13, 37
What are the prime factors of 316?
2, 79
List the prime factors of 77721.
3, 7, 3701
What are the prime factors of 838?
2, 419
What are the prime factors of 7602?
2, 3, 7, 181
List the prime factors of 22703.
73, 311
List the prime factors of 27810.
2, 3, 5, 103
List the prime factors of 25314.
2, 3, 4219
What are the prime factors of 39987?
3, 1481
List the prime factors of 2181.
3, 727
What are the prime factors of 5675?
5, 227
List the prime factors of 1528.
2, 191
What are the prime factors of 22854?
2, 3, 13, 293
What are the prime factors of 1930?
2, 5, 193
What are the prime factors of 2916?
2, 3
What are the prime factors of 2698?
2, 19, 71
What are the prime factors of 39422?
2, 23, 857
What are the prime factors of 1110?
2, 3, 5, 37
List the prime factors of 49563.
3, 5507
What are the prime factors of 46192?
2, 2887
What are the prime factors of 2785?
5, 557
List the prime factors of 17013.
3, 53, 107
List the prime factors of 4203.
3, 467
List the prime factors of 4493.
4493
List the prime factors of 1057.
7, 151
What are the prime factors of 3870?
2, 3, 5, 43
What are the prime factors of 996?
2, 3, 83
What are the prime factors of 148789?
19, 41, 191
What are the prime factors of 28075?
5, 1123
What are the prime factors of 147242?
2, 83, 887
What are the prime factors of 151555?
5, 17, 1783
List the prime factors of 509.
509
List the prime factors of 618.
2, 3, 103
List the prime factors of 2631.
3, 877
What are the prime factors of 5377?
19, 283
List the prime factors of 6623.
37, 179
What are the prime factors of 58319?
29, 2011
What are the prime factors of 17403?
3, 5801
List the prime factors of 1651.
13, 127
What are the prime factors of 990?
2, 3, 5, 11
What are the prime factors of 5891?
43, 137
List the prime factors of 4622.
2, 2311
List the prime factors of 791.
7, 113
List the prime factors of 29306.
2, 14653
List the prime factors of 29367.
3, 13, 251
What are the prime factors of 48674?
2, 24337
What are the prime factors of 1294?
2, 647
List the prime factors of 1106.
2, 7, 79
What are the prime factors of 64172?
2, 61, 263
List the prime factors of 32253.
3, 13, 827
List the prime factors of 6912.
2, 3
What are the prime factors of 3246?
2, 3, 541
List the prime factors of 129.
3, 43
What are the prime factors of 25965?
3, 5, 577
List the prime factors of 506.
2, 11, 23
What are the prime factors of 13843?
109, 127
What are the prime factors of 7431?
3, 2477
List the prime factors of 8395.
5, 23, 73
What are the prime factors of 190?
2, 5, 19
What are the prime factors of 4172?
2, 7, 149
List the prime factors of 1557.
3, 173
List the prime factors of 88433.
191, 463
What are the prime factors of 56262?
2, 3, 9377
List the prime factors of 6104.
2, 7, 109
List the prime factors of 38393.
38393
What are the prime factors of 533?
13, 41
What are the prime factors of 617?
617
What are the prime factors of 6350?
2, 5, 127
What are the prime factors of 28041?
3, 13, 719
List the prime factors of 24077.
24077
What are the prime factors of 1220?
2, 5, 61
List the prime factors of 1118.
2, 13, 43
List the prime factors of 74206.
2, 11, 3373
What are the prime factors of 10586?
2, 67, 79
What are the prime factors of 716?
2, 179
What are the prime factors of 209?
11, 19
What are the prime factors of 1289?
1289
List the prime factors of 7145.
5, 1429
List the prime factors of 1488.
2, 3, 31
What are the prime factors of 34779?
3, 11593
What are the prime factors of 17737?
17737
What are the prime factors of 45388?
2, 7, 1621
List the prime factors of 866.
2, 433
List the prime factors of 9832.
2, 1229
List the prime factors of 69135.
3, 5, 11, 419
What are the prime factors of 11927?
11927
What are the prime factors of 8117?
8117
List the prime factors of 5958.
2, 3, 331
List the prime factors of 94498.
2, 37, 1277
List the prime factors of 961.
31
List the prime factors of 1100.
2, 5, 11
List the prime factors of 2042.
2, 1021
What are the prime factors of 1617?
3, 7, 11
List the prime factors of 203242.
2, 13, 7817
List the prime factors of 21150.
2, 3, 5, 47
What are the prime factors of 3880?
2, 5, 97
List the prime factors of 84.
2, 3, 7
List the prime factors of 47157.
3, 11, 1429
List the prime factors of 2913.
3, 971
List the prime factors of 685.
5, 137
List the prime factors of 33754.
2, 7, 2411
List the prime factors of 31790.
2, 5, 11, 17
What are the prime factors of 72976?
2, 4561
What are the prime factors of 3746?
2, 1873
What are the prime factors of 75?
3, 5
What are the prime factors of 1992?
2, 3, 83
What are the prime factors of 5679?
3, 631
What are the prime factors of 2190?
2, 3, 5, 73
List the prime factors of 116756.
2, 17, 101
What are the prime factors of 125727?
3, 7, 5987
What are the prime factors of 60793?
60793
List the prime factors of 1613.
1613
What are the prime factors of 31297?
7, 17, 263
List the prime factors of 203.
7, 29
What are the prime factors of 274?
2, 137
List the prime factors of 20542.
2, 10271
List the prime factors of 905.
5, 181
List the prime factors of 56323.
151, 373
What are the prime factors of 11838?
2, 3, 1973
What are the prime factors of 1208?
2, 151
What are the prime factors of 36248?
2, 23, 197
List the prime factors of 594.
2, 3, 11
What are the prime factors of 1629?
3, 181
List the prime factors of 2927.
2927
What are the prime factors of 1018?
2, 509
What are the prime factors of 22210?
2,